divided by 4467?
4453
Calculate the remainder when 11720542 is divided by 121.
119
What is the remainder when 947285 is divided by 170?
45
Calculate the remainder when 100025541 is divided by 33341836.
33
Calculate the remainder when 5171364 is divided by 218.
186
What is the remainder when 938766 is divided by 740?
446
What is the remainder when 200255 is divided by 95?
90
Calculate the remainder when 520013 is divided by 36.
29
Calculate the remainder when 5309555 is divided by 358.
57
What is the remainder when 606995 is divided by 4558?
781
Calculate the remainder when 2328660 is divided by 1048.
4
Calculate the remainder when 531813 is divided by 132926.
109
Calculate the remainder when 9651398 is divided by 3217130.
8
What is the remainder when 4053434 is divided by 577?
9
What is the remainder when 8717121 is divided by 1938?
1935
Calculate the remainder when 1510514 is divided by 418.
280
Calculate the remainder when 179692 is divided by 677.
287
What is the remainder when 295083 is divided by 610?
453
Calculate the remainder when 23897503 is divided by 274.
45
Calculate the remainder when 52061367 is divided by 44.
39
What is the remainder when 9525492 is divided by 236?
60
Calculate the remainder when 1354434 is divided by 755.
719
What is the remainder when 190138 is divided by 7035?
193
What is the remainder when 8421233 is divided by 2807074?
11
What is the remainder when 96277 is divided by 247?
194
Calculate the remainder when 71308 is divided by 1168.
60
Calculate the remainder when 3323251 is divided by 75.
1
What is the remainder when 518849 is divided by 172830?
359
Calculate the remainder when 15137353 is divided by 64.
9
What is the remainder when 5387133 is divided by 298?
187
Calculate the remainder when 4354294 is divided by 106202.
12
Calculate the remainder when 1697876 is divided by 11472.
20
Calculate the remainder when 10247833 is divided by 1485.
1333
What is the remainder when 157760 is divided by 5088?
32
What is the remainder when 167737 is divided by 78?
37
Calculate the remainder when 79141982 is divided by 957.
953
Calculate the remainder when 82201 is divided by 20549.
5
Calculate the remainder when 387949 is divided by 782.
77
What is the remainder when 4854716 is divided by 822?
806
What is the remainder when 162522 is divided by 30453?
10257
Calculate the remainder when 148663 is divided by 148600.
63
Calculate the remainder when 18648584 is divided by 52.
32
What is the remainder when 670336 is divided by 121?
117
Calculate the remainder when 47711 is divided by 1339.
846
What is the remainder when 1561920 is divided by 99?
96
What is the remainder when 81693 is divided by 400?
93
What is the remainder when 149363 is divided by 2667?
11
Calculate the remainder when 744482 is divided by 105933.
2951
What is the remainder when 7975072 is divided by 1524?
1504
Calculate the remainder when 1179841 is divided by 5021.
4927
Calculate the remainder when 55541129 is divided by 27770528.
73
Calculate the remainder when 7375411 is divided by 1616.
1603
Calculate the remainder when 24275 is divided by 4627.
1140
Calculate the remainder when 6931749 is divided by 1732932.
21
What is the remainder when 922419 is divided by 76862?
75
What is the remainder when 179221 is divided by 12600?
2821
What is the remainder when 462068 is divided by 3254?
0
Calculate the remainder when 597217 is divided by 251.
88
What is the remainder when 1728084 is divided by 1571?
1555
What is the remainder when 554083 is divided by 246?
91
What is the remainder when 1288838 is divided by 143203?
11
What is the remainder when 419607 is divided by 7204?
1775
Calculate the remainder when 3112240 is divided by 86451.
4
What is the remainder when 12334 is divided by 1385?
1254
What is the remainder when 666951 is divided by 44?
43
What is the remainder when 25617048 is divided by 85?
3
What is the remainder when 544818 is divided by 544813?
5
Calculate the remainder when 18539209 is divided by 2939.
2936
Calculate the remainder when 2622579 is divided by 2127.
2115
Calculate the remainder when 8475167 is divided by 1075.
942
What is the remainder when 723555 is divided by 74?
57
Calculate the remainder when 103870142 is divided by 2558.
2552
What is the remainder when 1797597 is divided by 2004?
9
Calculate the remainder when 3786707 is divided by 3786639.
68
What is the remainder when 3204746 is divided by 285?
206
What is the remainder when 467407 is divided by 66?
61
What is the remainder when 165904 is divided by 55081?
661
Calculate the remainder when 2788374 is divided by 24896.
22
What is the remainder when 14386 is divided by 14067?
319
What is the remainder when 6721188 is divided by 746794?
42
What is the remainder when 11453550 is divided by 11?
9
Calculate the remainder when 71248 is divided by 6467.
111
What is the remainder when 545701 is divided by 255?
1
Calculate the remainder when 60748959 is divided by 17.
3
Calculate the remainder when 1933769 is divided by 644510.
239
Calculate the remainder when 636552 is divided by 857.
658
Calculate the remainder when 16207390 is divided by 48.
46
Calculate the remainder when 46639599 is divided by 35.
34
Calculate the remainder when 677247 is divided by 9403.
231
What is the remainder when 1041069 is divided by 260267?
1
What is the remainder when 2964874 is divided by 385?
374
Calculate the remainder when 26460081 is divided by 281.
278
What is the remainder when 9696390 is divided by 47?
8
Calculate the remainder when 20933229 is divided by 45.
39
Calculate the remainder when 1203120 is divided by 55.
50
Calculate the remainder when 31608965 is divided by 1586.
1571
What is the remainder when 21836 is divided by 9701?
2434
What is the remainder when 26925 is divided by 11817?
3291
What is the remainder when 632725 is divided by 26347?
397
Calculate the remainder when 572354 is divided by 263.
66
What is the remainder when 15324919 is divided by 34?
31
What is the remainder when 4783812 is divided by 111251?
19
Calculate the remainder when 47316 is divided by 2117.
742
What is the remainder when 46653 is divided by 882?
789
Calculate the remainder when 3270 is divided by 1008.
246
What is the remainder when 6992036 is divided by 3496006?
24
What is the remainder when 31022048 is divided by 493?
23
What is the remainder when 302709 is divided by 82?
47
What is the remainder when 48578351 is divided by 6?
5
Calculate the remainder when 1817326 is divided by 302887.
4
What is the remainder when 484828 is divided by 5213?
19
Calculate the remainder when 137012 is divided by 327.
326
What is the remainder when 1577376 is divided by 957?
240
Calculate the remainder when 2230544 is divided by 1150.
694
Calculate the remainder when 310107 is divided by 23792.
811
Calculate the remainder when 648430 is divided by 43196.
490
Calculate the remainder when 67779 is divided by 33508.
763
Calculate the remainder when 59026 is divided by 1904.
2
Calculate the remainder when 1002347 is divided by 1236.
1187
What is the remainder when 15543 is divided by 4709?
1416
What is the remainder when 55205214 is divided by 3450325?
14
What is the remainder when 7303383 is divided by 235593?
0
Calculate the remainder when 139704 is divided by 42.
12
What is the remainder when 364162 is divided by 188?
6
Calculate the remainder when 100065 is divided by 4505.
955
Calculate the remainder when 9702094 is divided by 146.
102
Calculate the remainder when 2313673 is divided by 325.
323
What is the remainder when 4552669 is divided by 39588?
49
Calculate the remainder when 3492211 is divided by 58.
31
Calculate the remainder when 120295491 is divided by 33.
30
Calculate the remainder when 65465815 is divided by 65597.
9
Calculate the remainder when 2850603 is divided by 316716.
159
What is the remainder when 776954 is divided by 28770?
164
Calculate the remainder when 100828784 is divided by 265.
259
What is the remainder when 3277689 is divided by 3712?
3705
What is the remainder when 504269 is divided by 7881?
7766
Calculate the remainder when 1886780 is divided by 5389.
630
What is the remainder when 1782668 is divided by 77507?
7
What is the remainder when 104990154 is divided by 2085?
2064
What is the remaind